s -104103 (base 5) in base 6?
-24525
-3c1 (base 15) to base 5
-11411
bea (base 15) to base 6
20251
Convert 221312 (base 4) to base 3.
10200012
15137 (base 9) to base 7
42043
Convert 13736 (base 8) to base 2.
1011111011110
Convert 683 (base 9) to base 15.
276
179 (base 13) to base 12
1a5
-25566 (base 13) to base 7
-405162
Convert -66419 (base 10) to base 14.
-1a2c3
-92a (base 13) to base 9
-2120
-1747 (base 16) to base 3
-22011201
What is -507 (base 14) in base 16?
-3db
What is 363 (base 7) in base 8?
300
Convert -10011101000 (base 2) to base 7.
-3443
-536 (base 12) to base 5
-11022
Convert 1456 (base 7) to base 9.
714
What is 2b (base 15) in base 3?
1112
100100001010 (base 2) to base 16
90a
What is -279 (base 11) in base 15?
-16d
What is -2312010 (base 4) in base 9?
-16876
What is -17257 (base 8) in base 3?
-101202221
93 (base 13) to base 12
a0
21310 (base 5) to base 9
1886
What is 1253 (base 12) in base 15?
939
Convert -6772 (base 16) to base 12.
-133aa
Convert 15465 (base 15) to base 3.
10110221212
Convert 2a03 (base 13) to base 2.
1011111000111
Convert -470 (base 9) to base 14.
-1d9
What is -476 (base 9) in base 2?
-110001001
Convert -a08 (base 12) to base 6.
-10412
What is -112101221 (base 3) in base 15?
-31a1
What is 21631 (base 8) in base 5?
242423
What is -714 (base 12) in base 11?
-851
What is 3472 (base 13) in base 14?
297a
Convert -11d (base 14) to base 2.
-11011111
-306 (base 13) to base 10
-513
Convert -1472 (base 13) to base 4.
-232112
What is -10011111 (base 2) in base 16?
-9f
What is -1201120121 (base 3) in base 8?
-102243
156a7 (base 11) to base 5
1202024
Convert -6580 (base 12) to base 16.
-2bb0
839 (base 10) to base 3
1011002
Convert -1100111111111 (base 2) to base 13.
-304c
What is 141 (base 9) in base 5?
433
-6934 (base 10) to base 4
-1230112
Convert 4755 (base 8) to base 15.
b46
What is 2313102 (base 4) in base 10?
11730
Convert 12623 (base 8) to base 10.
5523
What is -b494 (base 15) in base 3?
-1221100111
-212102 (base 3) to base 10
-632
-1021102212 (base 3) to base 15
-768b
Convert -1022000 (base 3) to base 4.
-32301
-1405 (base 13) to base 6
-21154
Convert 101012121 (base 3) to base 9.
11177
Convert -816 (base 13) to base 15.
-616
-162220 (base 7) to base 13
-11755
Convert 1021200 (base 3) to base 6.
4200
What is 1ac (base 14) in base 2?
101011100
1220 (base 8) to base 12
468
What is -43241 (base 5) in base 8?
-5602
-39 (base 11) to base 16
-2a
Convert 2426 (base 8) to base 10.
1302
Convert 41d2 (base 15) to base 4.
3121202
Convert 2334 (base 5) to base 10.
344
What is -52fd (base 16) in base 12?
-10365
-22101 (base 3) to base 9
-271
Convert 5159 (base 11) to base 9.
10340
Convert -1011 (base 7) to base 10.
-351
Convert -2332311 (base 4) to base 13.
-5736
201654 (base 7) to base 2
1000010111110010
162 (base 16) to base 9
433
Convert -274a (base 14) to base 4.
-1230032
Convert -151 (base 16) to base 8.
-521
What is -21012200 (base 3) in base 11?
-3a49
What is -340 (base 6) in base 15?
-8c
What is 22112 (base 4) in base 14?
354
Convert 4420 (base 5) to base 14.
318
What is -4211 (base 5) in base 9?
-677
-6126 (base 7) to base 4
-201033
Convert 1400 (base 5) to base 11.
195
What is 25235 (base 6) in base 11?
2915
What is 7240 (base 11) in base 12?
5683
-111100 (base 6) to base 11
-7007
Convert -451 (base 13) to base 16.
-2e6
What is -1199 (base 14) in base 5?
-44300
What is 1b8b (base 12) in base 5?
102134
What is -8067 (base 11) in base 13?
-4b59
Convert -3475 (base 10) to base 12.
-2017
ce75 (base 15) to base 13
16bc2
3321 (base 4) to base 12
189
Convert 1022000 (base 3) to base 6.
4213
581 (base 10) to base 11
489
Convert 2122 (base 4) to base 8.
232
What is -100010 (base 3) in base 14?
-138
What is 232 (base 16) in base 9?
684
11302 (base 4) to base 8
562
Convert 10000010001110 (base 2) to base 9.
12380
What is 22270 (base 11) in base 4?
13320013
What is -2523 (base 10) in base 5?
-40043
Convert 54501 (base 6) to base 9.
11281
-2222200 (base 3) to base 16
-882
Convert -6623 (base 7) to base 4.
-211001
70727 (base 9) to base 7
252424
Convert -45484 (base 9) to base 7.
-154210
What is -101101100101011 (base 2) in base 11?
-16598
What is 256b (base 13) in base 10?
5328
10584 (base 10) to base 2
10100101011000
-10120201 (base 3) to base 10
-2611
Convert -10425 (base 7) to base 12.
-1620
Convert -150 (base 14) to base 3.
-100212
Convert -11002323 (base 4) to base 9.
-31313
21312 (base 4) to base 2
1001110110
Convert -8 (base 11) to base 3.
-22
-16603 (base 9) to base 5
-331144
-313031 (base 4) to base 7
-13205
Convert -3220 (base 6) to base 5.
-10412
37708 (base 11) to base 10
54095
-313 (base 13) to base 12
-377
Convert 433 (base 7) to base 4.
3130
Convert -6356 (base 8) to base 16.
-cee
Convert -101010111111 (base 2) to base 16.
-abf
What is -1345 (base 8) in base 4?
-23211
What is -86 (base 12) in base 7?
-204
-20026 (base 7) to base 14
-1a86
Convert 86d (base 14) to base 12.
b69
What is 1444 (base 7) in base 8?
1073
Convert 1482 (base 13) to base 16.
ba3
What is -13012112 (base 4) in base 3?
-1110212222
3315 (base 7) to base 2
10010100100
Convert -15757 (base 11) to base 10.
-22205
What is 2262 (base 7) in base 10?
828
-448 (base 13) to base 16
-2e0
-182 (base 14) to base 16
-136
What is 3d71 (base 16) in base 5?
1000404
-4764 (base 16) to base 3
-221001220
230 (base 16) to base 11
46a
Convert 8978 (base 13) to base 12.
b138
Convert 2b1 (base 16) to base 9.
845
Convert -2452 (base 9) to base 3.
-2111202
Convert 40024 (base 5) to base 8.
4722
1110100001101 (base 2) to base 9
11173
What is -24742 (base 10) in base 16?
-60a6
What is -32144 (base 7) in base 6?
-100522
What is -55870 (base 9) in base 10?
-37161
What is a9a5 (base 12) in base 4?
10210031
-3666 (base 11) to base 5
-123131
What is -946 (base 10) in base 12?
-66a
Convert -90 (base 13) to base 14.
-85
-1000101010101 (base 2) to base 8
-10525
What is -3989 (base 16) in base 7?
-60641
-73 (base 14) to base 12
-85
Convert -2802 (base 9) to base 4.
-200330
-103241 (base 5) to base 6
-24311
What is 388a (base 13) in base 11?
6065
100010100010100 (base 2) to base 3
220020222
-201 (base 11) to base 16
-f3
-11352 (base 7) to base 13
-1443
What is 9ca (base 14) in base 9?
2587
Convert 21001211 (base 3) to base 6.
35504
What is 6512 (base 10) in base 6?
50052
34602 (base 8) to base 5
432342
Convert -409 (base 15) to base 10.
-909
What is 3c0 (base 14) in base 15?
356
What is -10330 (base 6) in base 11?
-1083
Convert -11414 (base 7) to base 15.
-d1b
-1ba (base 15) to base 13
-24a
What is -11021001 (base 3) in base 6?
-22214
Convert 686 (base 15) to base 6.
10500
What is -291 (base 14) in base 9?
-636
Convert -692 (base 13) to base 9.
-1488
174 (base 10) to base 5
1144
-10000000000 (base 2) to base 10
-1024
-11b2 (base 13) to base 8
-4717
-ad60 (base 15) to base 7
-212121
Convert -1434 (base 5) to base 7.
-466
What is -145631 (base 7) in base 9?
-43012
Convert 1000110001010 (base 2) to base 11.
3412
Convert -3323133 (base 4) to base 5.
-1003340
1010001100 (base 2) to base 8
1214
-26607 (base 8) to base 9
-16880
-33 (base 10) to base 16
-21
What is -21773 (base 9) in base 4?
-3202110
What is 3d4 (base 15) in base 16?
36a
Convert 897 (base 10) to base 7.
2421
Convert 5589 (base 10) to base 5.
134324
Convert 100214 (base 5) to base 2.
110001110000
Convert 3243 (base 5) to base 6.
2024
Convert 31220 (base 5) to base 9.
2738
Convert -50420 (base 6) to base 3.
-100002210
What is 411 (base 13) in base 8?
1262
201220121 (base 3) to base 4
3202303
What is -1000302 (base 5) in base 10?
-15702
5456 (base 7) to base 2
11110100000
What is 31010331 (base 4) in base 8?
150475
What is -1512 (base 10) in base 7?
-4260
What is -305205 (base 6) in base 15?
-73c5
What is 14983 (base 14) in base 8?
144107
Convert -220311 (base 4) to base 8.
-5065
What is -2b7 (base 13) in base 4?
-13220
-4810 (base 13) to base 6
-115001
Convert 635 (base 7) to base 8.
500
What is -122240 (base 5) in base 12?
-2873
-432134 (base 5) to base 3
-202010022
-122214 (base 5) to base 12
-2864
What is 355 (base 11) in base 12?
2b3
What is -10010001110101111 (base 2) in base 15?
-171d1
Convert 115e (base 15) to base 10.
3689
Convert -6132 (base 7) to base 2.
-100001010010
What is 122012202 (base 3) in base 15?
3ab8
-